. What are the prime factors of (-3536)/(-24) - (6/(-9) - a)?
3, 7
Suppose -3*h + 3495 = 3*z, 3495 = 2*z + h + 1170. Let l = 2039 - z. What are the prime factors of l?
3, 293
Let z be 0 - 1 - (4 - (5 - 8)). What are the prime factors of ((-310)/z + 2)*(2 + 6)?
2, 163
Let k(y) = 4*y**2 + 7*y - 5. Let i be k(1). Suppose 164 + 256 = i*o. What are the prime factors of o?
2, 5, 7
Let k(f) = 2*f**2 - 5*f - 2. Let i(g) = -g**2 + 4*g + 1. Let v(u) = 3*i(u) + 2*k(u). Suppose 5*m - 157 = -87. What are the prime factors of v(m)?
223
Let p(u) = -u**3 - 16*u**2 - 17*u - 22. Let n(v) = v**3 - 14*v**2 - 16*v + 17. Let b be n(15). Suppose -12 = b*i + 18. List the prime factors of p(i).
2
Let q = -11483 + 17811. What are the prime factors of q?
2, 7, 113
Suppose 0 = 3*h - 18 - 24. List the prime factors of ((-28)/h + (-17)/1)*-19.
19
Let h be 4/24 + 777/(-18) + 1. Let m be (3 + 0)/3 - h/6. Suppose m*z - 3*z = 670. List the prime factors of z.
2, 67
Suppose 0 = -27*w - 13504 + 101065. What are the prime factors of w?
3, 23, 47
Suppose -6397 + 1547 = 5*y + 4*d, 0 = 3*y + d + 2903. Let s = y + 2327. List the prime factors of s.
1361
Let m(n) = n**3 - n**2 - 4*n + 8. Let f be m(5). Suppose f + 38 = -7*z. List the prime factors of ((-2)/12 + 21/z)*-102.
2, 17
Let a = 46 - 49. Let x be ((3 - 7) + 13)/(a/(-2)). Suppose -188 = -4*i + x*r - 2*r, -3*i = 3*r - 111. List the prime factors of i.
2, 3, 7
Suppose 0 = -2*a + 8, -30*x + 3*a = -26*x - 294380. Suppose 42*v = -7*v + x. What are the prime factors of v?
2, 751
Let h = 49 - 47. Suppose 2*k - 315 = -5*w + 610, w - 185 = h*k. Suppose 3*g - 161 = -2*n + 3*n, -3*g - 5*n + w = 0. List the prime factors of g.
5, 11
Let s = -16800 - -29843. What are the prime factors of s?
13043
Let y(j) = -j**2 + 5*j - 68. Let h be y(6). Let g be (21 - (-2 - 1))*-2. Let u = g - h. List the prime factors of u.
2, 13
Let b be (2 - 4/2)/2. Let n be (-2)/2 - (-6 + b). Suppose -2*s + n*f = -153, 6 - 124 = -2*s - 2*f. List the prime factors of s.
2
What are the prime factors of (9/(-18))/(10/(-56380))?
2819
Let y(b) = 5*b**2 + 2*b - 3. Let x be y(1). Suppose -2*r + 33*j - 29*j = -1428, -4*r + x*j + 2848 = 0. What are the prime factors of r?
2, 5, 71
Let b(v) be the first derivative of -71*v + 30*v - 5*v**2 + 3*v**2 + 19. List the prime factors of b(-17).
3
Let f(c) be the first derivative of 7*c**3/3 - 17*c**2 + 58*c + 332. List the prime factors of f(14).
2, 3, 53
Suppose 2*j = 44*j + 5*j - 29986. What are the prime factors of j?
2, 11, 29
Suppose -4*x = -k - 61007, 2*x - 270*k = -272*k + 30486. List the prime factors of x.
2, 5, 61
Let j be (-2)/(-2)*(-1 + 2). Let a(q) = -16 + 21 - 4*q + 161*q - 3. What are the prime factors of a(j)?
3, 53
Let v = 23536 - 4725. List the prime factors of v.
13, 1447
Let z(n) = n**3 - 5*n**2 + 2*n - 4. Let s be z(5). Let y be s/4 - (-3 + 20/8). Suppose -y*q = 2*q - 124. What are the prime factors of q?
31
Let d = -630 - -634. List the prime factors of 220/30*126/d.
3, 7, 11
Let x(j) = -j**3 - 6*j**2 - 4*j - 6. Let n be x(-5). Let w(m) = -3*m**3 - 24*m**2 + 32*m - 26. List the prime factors of w(n).
3, 79
Let a = -5 + -7. Let f = a + 12. What are the prime factors of (-6)/(-2) - (f - -1)?
2
Let x(l) = 1220*l + 11581. What are the prime factors of x(33)?
47, 1103
Let y(b) be the first derivative of b**3/3 - 7*b**2/2 - 6*b + 28. Let n be y(-4). Let a = n - 0. What are the prime factors of a?
2, 19
Suppose -o + 15148 = w, -7*w = -3*o - 9*w + 45445. List the prime factors of o.
15149
Let m(r) = r + 1. Let y(x) = -4*x + 75. Let w(i) = -5*m(i) + y(i). What are the prime factors of w(-19)?
241
Let x(t) = 1034*t**2 - 42*t - 137. What are the prime factors of x(-3)?
5, 11, 13
Let q be 1/3 + (-66)/(-18). Suppose -7*h - 278 = -2*w - q*h, -2 = h. List the prime factors of w.
2, 17
Let g(v) = v**2 - 6*v - 80. Let y be g(-8). List the prime factors of 8/(y/1140) + 9.
2, 3, 7
Let w be 0/(-10) - -4*7. Suppose 0 = -w*u + 31*u - 1128. What are the prime factors of u?
2, 47
Let n be ((-12)/18)/(3/(-18)). Suppose -5*s + 163 = 3*i, n*s + 96 - 2 = 2*i. Suppose -2*z + 51 = h, 0 = h - 8*z + 3*z - i. What are the prime factors of h?
3, 17
Let d be ((-738)/15)/(128/(-60) - -2). Suppose d + 576 = 3*b - 3*t, 2*b = 5*t + 621. List the prime factors of b.
2, 3, 53
Let z(q) = 2*q**2 + 80*q - 38. Let u(k) = -17*k**2 + 6*k + 6. Let i be u(2). List the prime factors of z(i).
2, 13, 37
Let y(w) = w**3 + 19*w**2 - 2*w + 4. Let r(t) be the first derivative of 8*t**2 - 3*t - 1. Let o be r(-1). What are the prime factors of y(o)?
2, 3, 7
Let p = 63765 - -2834. List the prime factors of p.
13, 47, 109
What are the prime factors of (-2 - (1 - -3)) + (8 - -7278 - 7)?
7, 1039
Let q be 3 + (-1 - -3) + 979. Suppose -o + q = -4*w, -o - o = -3*w - 1963. What are the prime factors of o?
2, 5, 7
Suppose y = -2*p + 10, 0 = -6*y + y + 5*p + 125. Let r(g) = 10*g - 14. Let c be r(3). Suppose -q = -y - c. List the prime factors of q.
2, 3
Let s be 6/24 - (-219)/(-12). What are the prime factors of 1 + (-5496)/s + (-1)/3?
2, 3, 17
Suppose 3*h - 9 + 18 = 0. Let j(n) be the second derivative of -7*n**3 + 4*n**2 + 2*n. What are the prime factors of j(h)?
2, 67
Let j(o) = -17*o**2 - 16*o + 149. Let z(d) = 50*d**2 + 49*d - 447. Let t(x) = 11*j(x) + 4*z(x). What are the prime factors of t(8)?
3, 281
Let n(a) = -a**2 + 10*a - 4. Let b be n(8). Let r(o) = -o**3 + 11*o**2 + 13*o + 16. Let c be r(b). Suppose y - 15 = c. List the prime factors of y.
43
Let b(y) = 1866*y + 11792. List the prime factors of b(14).
2, 9479
Let u(y) = -31*y - 323. Let k be u(-11). Suppose 0 = t + t. Suppose s - x - 74 = t, 77 = s + 4*x + k. What are the prime factors of s?
71
Let g(i) = -3*i**3 - 30*i**2 + 15*i - 6. List the prime factors of g(-15).
2, 3, 131
Let b(h) = h**3 - 54*h**2 - 15*h - 406. What are the prime factors of b(55)?
2, 3, 13, 23
Let m(t) = 1875*t - 191. What are the prime factors of m(2)?
3559
Let k = -32 + 59. Suppose l + k = 10*l. Suppose l*a - 500 = -2*a - 2*i, -2*a + i = -200. List the prime factors of a.
2, 5
Let y(d) = -7*d**2 - 11*d + 5. Let n(j) = -j**2 - j + 1. Let u(t) = 4*n(t) - y(t). List the prime factors of u(10).
3, 41
Let u be 3/((-12)/8)*(-595)/(-14). Let g = u - -283. What are the prime factors of g?
2, 3, 11
Suppose 2*u + 4*r - 8654 = 0, -r + 17294 = 2*u + 2*u. Suppose -u = -76*x + 65*x. What are the prime factors of x?
3, 131
Let j(m) = 5*m**2 + 2*m + 2. Let g be j(-2). Suppose 2*h - 5*h = -g. Suppose -h*l - 33 = -7*l. What are the prime factors of l?
3, 11
Suppose 40 = 2*u + 4*p, 2*u - p + 0*p - 15 = 0. What are the prime factors of 2433/2*u/15?
811
Let o = 4964 + -3646. What are the prime factors of o?
2, 659
Let n(t) = -46*t**2 - 24*t**2 + 108*t**2 - 2. List the prime factors of n(3).
2, 5, 17
Let n = 1393 - -8572. List the prime factors of n.
5, 1993
Suppose 0 = -371*x + 379*x + 6816. List the prime factors of (22/6)/((-4)/(x/1)).
11, 71
Let k be ((-212)/12)/(4/(-744)). Suppose 2*t - k = -2*v, 5*t - 2*v - 4221 - 4015 = 0. What are the prime factors of t?
2, 823
Suppose -5469125 - 7116043 = -233*v - 349*v. List the prime factors of v.
2, 3, 17, 53
Let u be (-202)/(-4) + 1/2. Let b(q) = q**3 + 38*q**2 + 50*q + 434. Let d be b(-37). Let s = d + u. List the prime factors of s.
2
Suppose 0 = 2*w - 23*w - 273. List the prime factors of (w + 12)/(2/(-914)).
457
Suppose -5*b + 105269 + 5742 = 4*a, b - 5*a - 22237 = 0. What are the prime factors of b?
53, 419
Let w be ((-9)/6)/((-1)/4). Let d(x) = 3*x**2 + 12*x - 39. Let f be d(w). Let a = f + -27. What are the prime factors of a?
2, 3, 19
Let q(s) = -4*s**3 + s**2 + 20*s - 110. What are the prime factors of q(-18)?
2, 67, 173
Let w(i) = -28*i + 102. Let a(o) = -3. Let r(v) = -5*a(v) - w(v). What are the prime factors of r(17)?
389
Let m(o) = -o - 335. Let a be m(-36). Let x(c) = 75*c - 1. Let d be x(6). Let r = a + d. List the prime factors of r.
2, 3, 5
Let m = 453 - 124. Suppose -3335 = m*x - 334*x. What are the prime factors of x?
23, 29
Let s(w) = w**2 + 6*w - 165. Let v be s(-15). List the prime factors of -5*(-1 - -4 - (-4698)/v).
2, 3
Suppose -8*n - 425 + 385 = 0. Let b(r) be the first derivative of 10*r**3/3 - 2*r**2 - 15*r - 3. List the prime factors of b(n).
3, 5, 17
Suppose -g - 25 + 481 = 3*p, 4*g